= -524 + -547. Is 33 a factor of (-3)/(-2) - u/14?
False
Let w = -153 + 215. Let t = 93 - w. Is 10 a factor of t?
False
Let k(y) = -y. Let o be k(3). Let u(g) = -g**2 - g. Let j(v) = -3*v**2 + 2*v. Let t(r) = o*u(r) - j(r). Does 2 divide t(1)?
False
Let d = -2 + 5. Suppose 2*q - d = -q. Is 5 a factor of (-2 + (4 - q))*5?
True
Suppose 0*c + 9*c = 153. Does 6 divide c?
False
Let w = 8 - -28. Let b = 105 - w. Is (b/(-1))/(6/(-4)) a multiple of 19?
False
Let a(o) be the third derivative of 0 - 3*o**2 + 0*o - 29/24*o**4 - 1/6*o**3. Is 14 a factor of a(-1)?
True
Let i be (28/(-6))/((-32)/48). Let b(o) = 11*o**2. Let q be b(-1). Let y = i + q. Is 7 a factor of y?
False
Let q(d) = 33*d. Is q(1) a multiple of 9?
False
Let o = -22 - -32. Does 9 divide o?
False
Let k be (-1195)/(-20) + 1/4. Suppose -p = -4*p + k. Is 5 a factor of p?
True
Let y be -2 - -3 - (-4 - 1). Let t be ((-11)/(-3))/(y/90). Suppose -t = -5*b - 0*b. Is 11 a factor of b?
True
Let y = 208 + -144. Is 16 a factor of y?
True
Let o(f) = f**3 + 7*f**2 - 4*f - 3. Is 19 a factor of o(-7)?
False
Suppose 4*o + o - 65 = 0. Suppose 0 = p - 2 - 3. Suppose 3*l - 59 = p*a, -26 - o = -2*l + 3*a. Does 13 divide l?
False
Let c be -6*(48/9)/(-2). Suppose 40 = 5*r - 3*t - 2*t, 3*t = -5*r + c. Suppose 0*m + 5*m = 2*l + 24, 45 = 5*m + r*l. Is m a multiple of 6?
True
Let p(r) = 55*r**2 - 16*r + 11. Let v(i) = 11*i**2 - 3*i + 2. Let z(n) = -2*p(n) + 11*v(n). Does 14 divide z(2)?
True
Let r(j) = -6*j - 1. Let s be r(-1). Let u(d) = d**2 + 4. Let v be u(0). Suppose -k - s*q + 4 = 0, -2*k + 3*k - v = q. Is 4 a factor of k?
True
Suppose 0*p = 4*p. Suppose p*o - 30 = -o - 2*g, -o + 4*g + 24 = 0. Is o a multiple of 14?
True
Let l be 4/(-14) + 170/7. Suppose l = -5*g + 119. Does 8 divide g?
False
Let u(x) be the first derivative of -4*x**2 - 4*x - 1 + 0*x - x**2. Is 20 a factor of u(-5)?
False
Suppose -79 = -8*x - 15. Is x a multiple of 8?
True
Suppose -2*p = -3*p + 3*t - 29, -3*p + 2*t - 59 = 0. Let s = 48 + p. Is 9 a factor of s?
False
Let m be 1/2*(11 - 3). Let r be (6/(-4))/((-3)/(-20)). Is 56/r*(-10)/m a multiple of 14?
True
Suppose 8 = 4*w + 5*h, -w - 3*h = -5*w + 8. Does 13 divide ((-72)/w)/(-3) + 1?
True
Let j(c) = -c**2 - 4*c + 5. Let i be j(-5). Suppose 4*p - 2*p - 10 = i. Is 5 a factor of p?
True
Let d be 2/8 + (-4)/16. Suppose 0 = -g - d*g + 13. Does 5 divide g?
False
Let t(k) be the second derivative of -k**5/120 + k**4/6 - k**3/3 + 2*k. Let g(l) be the second derivative of t(l). Is g(0) a multiple of 2?
True
Let v(i) = -i**2 - 6*i - 2. Let p be v(-7). Suppose 4*s + 5 = -7. Is (p/3)/s*5 even?
False
Suppose -18*u = -16*u - 150. Is 12 a factor of u?
False
Let v(p) = 15*p - 2. Let s be v(2). Let m = s + -25. Is m a multiple of 3?
True
Suppose -z + 88 = 4*o, 1 = o + 4. Let w = z + -55. Does 15 divide w?
True
Suppose -n = -0 - 24. Is n a multiple of 6?
True
Let a = 58 + -41. Suppose 0 = -5*b + 98 + a. Let c = -12 + b. Is c a multiple of 5?
False
Suppose 3*j - 26 = 2*j - 5*m, -58 = -3*j - 5*m. Does 2 divide j?
True
Let g = 10 + -17. Let o(s) = -5*s - 1. Let t(c) = 4*c + 2. Let f(b) = 5*o(b) + 6*t(b). Is f(g) a multiple of 7?
True
Let b(f) = -91*f - 2. Let q be (-5)/(-1)*4/(-10). Let t be b(q). Suppose 0 = 4*x - 0*x - t. Is 18 a factor of x?
False
Let j(r) = 3*r. Let z be j(17). Let f = z + -19. Does 32 divide f?
True
Suppose -17*n + 13*n + 400 = 0. Does 20 divide n?
True
Let l = 1283 + -107. Suppose -l = -u - 366. Does 16 divide 4/(-10) + u/25?
True
Let o(n) = -n**3 + 10*n**2 - 2*n + 21. Is 7 a factor of o(9)?
True
Let v = 498 + -138. Is 15 a factor of v?
True
Let n = 4 - 1. Suppose -n*q - 2*q = -535. Suppose -1 = -4*z + q. Is z a multiple of 16?
False
Suppose 5 + 5 = 2*k. Suppose -k*r + 20 = -r. Let p(a) = a**2 - a - 6. Does 6 divide p(r)?
False
Let g(s) = 3*s + 9. Does 13 divide g(17)?
False
Let m(o) = -3*o**3 - o**2 - o - 6. Is m(-2) a multiple of 4?
True
Let m = 122 - 76. Does 13 divide m?
False
Let y(s) = -9*s - 2. Let a be y(6). Does 3 divide a/(-7) + -1 + 1?
False
Let a = -88 - -133. Does 14 divide a?
False
Suppose -358 = -3*g - 58. Is g a multiple of 20?
True
Let x be 1/((4/(-1))/(-576)). Suppose 0 = -2*r + 5*r - x. Does 24 divide r?
True
Suppose -3*d + 297 = -132. Is 16 a factor of d?
False
Let x(z) = z**2 + 6*z - 13. Let w be x(-9). Suppose d - 51 = -t - w, 0 = t - d - 39. Does 19 divide t?
True
Suppose -330 = l - 7*l. Is l a multiple of 9?
False
Let n be (0 - -2 - -4) + -2. Suppose n*t = -0*g - g + 9, 36 = 4*g + 4*t. Is g a multiple of 9?
True
Suppose -4*p + 0*p - 5*k + 118 = 0, 132 = 4*p - 2*k. Does 4 divide p?
True
Suppose 0*i + i = -30. Does 5 divide (-156)/i - 2/10?
True
Suppose 5*o + 5*w - 385 = 0, o - w - 3 = 76. Let q be (8/12)/(2/o). Suppose 2 = -4*u + q. Is u a multiple of 5?
False
Let q(k) = -k. Suppose 0*b + 2*b - m = 2, 13 = -b + 4*m. Suppose b = -s + 1. Is q(s) even?
True
Let r(s) = -s + 23. Does 15 divide r(8)?
True
Suppose -27*d + 26*d + 156 = 0. Is 39 a factor of d?
True
Let w = -2 + 3. Let h be 6/((3 + -2)/w). Suppose s - h*s + 24 = b, 4*b = -3*s + 28. Does 2 divide s?
True
Suppose -2*j = -100 + 12. Is j a multiple of 7?
False
Let q = 1 + 2. Suppose 5*y - q*d + 5 = 2*d, -4*y + 20 = 4*d. Does 14 divide 4/y + 104/4?
True
Suppose -4*k = m + 4*m - 1374, -540 = -2*m - 4*k. Suppose -5*r + 2*z + m = 0, -4*z = 5*r - 29 - 225. Is 18 a factor of r?
True
Let m(v) = -v**3 - 5*v**2 + 7*v + 8. Let c be m(-6). Let f be c - (2 + -3 + 10). Let d = f + 11. Is d a multiple of 4?
True
Suppose 3*i + 2*i - 179 = -2*t, -5 = -5*i. Does 29 divide t?
True
Let h = 0 + 4. Suppose -3*y + h*c + 50 = 0, y + 6*c - 5*c = 19. Is y a multiple of 6?
True
Is 57/2 - (-4)/(-8) a multiple of 14?
True
Let n = 580 - 376. Does 30 divide n?
False
Suppose -5 + 1 = 4*u. Does 26 divide -2*u/((-3)/(-78))?
True
Let y(a) = 3*a + 1. Let z(u) = -15*u - 5. Let d(t) = 11*y(t) + 2*z(t). Let w = 0 + 4. Does 13 divide d(w)?
True
Suppose 3*b + 0*b - 24 = 0. Suppose -2*a + b = -0. Is 4 a factor of a?
True
Suppose 4*n - 1 = 3*v + 5, -5*v + n + 7 = 0. Suppose v*w = -k + 1, 0 = -0*k - 5*k + 4*w - 9. Is (-66)/(-4) + k/(-2) a multiple of 17?
True
Let x(y) = -y**3 - 2*y + 2. Let g be x(2). Let t(u) be the first derivative of u**4/4 + 11*u**3/3 + 5*u**2 + 4*u + 15. Is 4 a factor of t(g)?
True
Suppose 0 = 6*k - 4*k - 8, -y + 2*k = 242. Does 8 divide y/(-15) - (-6)/15?
True
Suppose 0 = 4*l + 2*v - 14, 4*l - 2*v + 8 = 5*l. Let h be -1 + (-2 - -1) + 22. Suppose 5*o + l*r + 18 = 118, h = o + 2*r. Is 8 a factor of o?
False
Suppose 9*i - 4*i - c + 10 = 0, -4*c - 35 = 5*i. Let x(d) = -d**2 - 4 + d - 4 - d**3 + 4. Is 6 a factor of x(i)?
False
Let q = 27 - -8. Suppose 3*u = 4*u - q. Is 16 a factor of u?
False
Let k be (-2)/11 - (-4496)/44. Suppose 111 = 5*p + 2*z, -5*p + z + 0*z = -k. Let r = 29 - p. Does 4 divide r?
True
Let v = 27 + 94. Does 28 divide v?
False
Let n(v) = v**3 + 10*v**2 + 7*v - 9. Does 27 divide n(-8)?
False
Let h = 660 + -409. Is h a multiple of 14?
False
Suppose -f - 27 = 2*n - 4*f, n - f + 12 = 0. Let g = n - -15. Is 4 a factor of g?
False
Let a be 189/(3 + 0) - 0. Suppose n - 18 = -2*z - 0*n, -2*n = -5*z + a. Let h = z - 6. Does 2 divide h?
False
Suppose -5*v + 5*m + 285 = 0, m = -5*v + 95 + 184. Is 6 a factor of v?
False
Suppose 56 = 5*q - 109. Let v = 47 - q. Is v a multiple of 12?
False
Let k(o) = o**3 + o**2 - o + 21. Let i = 14 - 14. Is k(i) a multiple of 9?
False
Let c = -1090 - 92. Does 14 divide c/(-21) + (-4)/14?
True
Suppose 2*r = 4*h + 34, -28 = -2*r - 5*h + 3*h. Is r a multiple of 5?
True
Let c(n) = n**2 + 9*n - 19. Does 33 divide c(-13)?
True
Suppose -172 = -2*w + 42. Is w a multiple of 14?
False
Suppose -u + 16 = 3*x, x + 5*u = -7 + 3. Suppose -k + 1 = -x. Is k a multiple of 7?
True
Let y = 396 + -280. Suppose -3*a - 26 = -y. Is 15 a factor of a?
True
Suppose -n + 5*k + 13 = -11, 5*n = -2*k + 39. Is n a multiple of 3?
True
Let b(t) be the third derivative of -t**4/4 - t**3/3 - 3*t**2. Is b(-2) a multiple of 5?
True
Let p(b) = -4*b + 5. Let q be p(10). Does 15 divide (-10)/q + (-418)/(-7)?
True
Let s be (20/4)/(2/4). Suppose -315 = -s*b + 5*b. Does 13 divide b?
False
Let y be 1*(-15)/(-3) - 2. Suppose -y*v = -2 + 26. Let r = 16 - v. Is 11 a factor of r?
False
Suppose 3*y = w - 14, -3*w - 2 - 4 = 3*y. Let r(o) = 5*o.